 = i - 4. Let a be v(6). Suppose 0 = 4*w - 8, 6*b - a*w - 176 = b. What is the units digit of b?
6
Suppose 0 = 4*t + h + 409, t - 2*h + 50 = -59. Let b = t + 154. What is the tens digit of b?
5
Suppose 24 - 4 = 4*j. Suppose 3*a = 2*k - 69, -j*a + a = 2*k - 34. What is the tens digit of k?
2
Let p be 9/6 - 260/8. Let k = 25 + p. Let m(s) = -2*s**2 - 14*s - 9. What is the units digit of m(k)?
3
Let r(v) be the first derivative of -v**4/4 + 2*v**3 - 2*v**2 - 5*v + 6. Let c be 3 + -1 - (-2 + 0). What is the units digit of r(c)?
1
Let m be 1*(0 - 1 - -4). Suppose 2*n + 3*n = -15, 5*c + m*n + 29 = 0. What is the units digit of 20/3*(-6)/c?
0
Let c(j) = 2*j**2 - j - 3. Let q be c(2). Suppose -3 + 9 = q*s. What is the tens digit of s/8*-2*-70?
3
Let a(m) = m**2 - 24*m + 49. Let x be a(22). Suppose -143 = -x*k + 57. What is the tens digit of k?
4
Suppose 0 = 4*l + 20, 0*p = 3*p - 2*l - 64. Suppose 10*z = 8*z + p. Suppose -4*x = -x - z. What is the units digit of x?
3
Let t be (-3)/(-12) + (-2097)/(-12). Suppose 4*b = 2*r - 70, -5*r + 0*b - 2*b + t = 0. What is the units digit of (30/25)/(2/r)?
1
Let j(t) = 29*t - 28. Let p(u) = 144*u - 141. Let y(h) = -24*j(h) + 5*p(h). What is the units digit of y(9)?
3
Suppose 0 = 7*f - 10426 - 1684. What is the hundreds digit of f?
7
Suppose -1975 = -12*v + 9*v + 2*x, 3*x = -15. What is the tens digit of v?
5
Suppose 2 - 27 = -g. Suppose 3*o = s + 15, -4*o + 2*s + g = 5. Suppose 3*k + o = 4*k. What is the units digit of k?
5
Let q be ((-10)/25)/(1/(-25)). Let y be (4/(-4) - 0)*q. Let r = 12 - y. What is the units digit of r?
2
Suppose -2*o + 7 + 7 = 3*n, 0 = -2*o - 5*n + 18. Suppose -o*b = -2*b - 24. Suppose g = 38 - b. What is the units digit of g?
6
What is the tens digit of -4 + (611/(-13))/((-3)/129)?
1
What is the hundreds digit of 449 + ((-9)/(-15))/(11/(-55))?
4
Let t(j) = -45*j**3 - 4*j**2 + 10*j + 43. What is the thousands digit of t(-4)?
2
Suppose -2*j + 38 = 10. Suppose -3*b = 5*l - 144, 12 = l + 2*b - j. What is the units digit of l?
0
Let a be 2*32/(-2) - 3. Let k = a + 75. Suppose 6*f - k = 2*f. What is the tens digit of f?
1
Suppose 4*p + 4*q - 572 = 0, -2*q + 713 = 5*p + 2*q. What is the units digit of p?
1
Suppose 0 = -15*s + 13*s + 8. Suppose 96 = 2*p + s*u - 266, -4*p - 4*u = -704. Suppose -30 - p = -3*j. What is the units digit of j?
7
Let w(c) = -c**3 + c**2 - 3*c + 305. What is the tens digit of w(0)?
0
Let w(h) = h**2 - 7*h - 12. Suppose -2*s - 33 = -2*p - 5*s, -s + 32 = 3*p. Let y be w(p). Let v(z) = -z**3 + 7*z**2 - 2*z. What is the tens digit of v(y)?
2
Let h be 2/(-5) - (-4)/10. Suppose h = 4*d + 8 + 8, -5*n = 2*d + 8. Suppose 0 = -n*r - 6*r + 48. What is the units digit of r?
8
Let x = -1895 + 2894. What is the tens digit of x?
9
Suppose -3*f + 3*g + 373 = -1193, 4*f + 2*g = 2094. What is the hundreds digit of f?
5
Suppose -3*r + 2*f = -0*r - 452, -r + 3*f + 153 = 0. What is the hundreds digit of r?
1
Let u(o) = -13*o + 24*o + 46 + o**2 - 13*o. What is the units digit of u(0)?
6
Suppose -4*g = -6*g, g - 30 = -3*n. Suppose n*m - 1000 = 380. What is the units digit of m?
8
Let l(g) = 15*g**3 + 19*g**2 + 13*g + 9. Let b(r) = 2 + 7*r**3 + 9*r**2 + 3*r - 1 + 3*r + 3. Let q(p) = -13*b(p) + 6*l(p). What is the tens digit of q(-4)?
1
Let r be (-56)/(-5) - (-5)/(-25). Let a = r + -6. Suppose 0 = -3*g - 5*h + 13, -2*g + a*h - 6 = 2*g. What is the units digit of g?
1
Let z(d) = d**2 - 27*d - 15. Suppose 4*a - 153 = -5*f, 3*a = 3*f + a - 83. What is the tens digit of z(f)?
4
Let f(p) = -8*p + 4. Let u(m) = 8*m - 5. Let o(l) = -6*f(l) - 5*u(l). Let y = -6 - -10. What is the tens digit of o(y)?
3
Let j = 36 - 25. Let r be 126/33 + 2/j. Suppose 7*i = 2*l + 4*i - 43, 0 = l - r*i - 19. What is the tens digit of l?
2
Let y(g) = -4*g - 12. Let z(a) = a**3 - a**2 - 3*a - 3. Let i be z(-2). Let q be y(i). What is the units digit of -12*1*q/(-32)?
9
Let j = -616 + 2975. What is the tens digit of j?
5
Suppose 0*z - 3*z + 81 = 0. Suppose 2*p = z + 81. Suppose -p = -5*d + 4*d. What is the units digit of d?
4
Suppose 0 = 9*q - 43693 + 12121. What is the units digit of q?
8
Suppose -4*o - 192 = 4*c + 116, 0 = c + 3*o + 83. Let f = -49 - c. What is the tens digit of f?
2
Let y(h) be the third derivative of h**4/24 - 5*h**3/6 + 3*h**2. Let u be y(-9). Let n = -8 - u. What is the units digit of n?
6
Let y = 84 + -53. Suppose 2*q - 49 = y. Suppose 9*p - 4*p = q. What is the units digit of p?
8
Let h(u) = -u**3 + 6*u**2 - 18*u + 6. Let p(f) = -2*f**3 + 7*f**2 - 19*f + 7. Let s(n) = -3*h(n) + 2*p(n). What is the units digit of s(-7)?
1
Suppose -1143 = -2*q - p, 3*p - 8*p = -3*q + 1734. What is the hundreds digit of q?
5
Suppose 4*k - 9541 = 1859. What is the thousands digit of k?
2
Let a = 1982 - 1014. What is the hundreds digit of a?
9
Let h(t) = t**2 + t. Let o(g) = 6*g**2 + 12*g + 5. Let p(z) = -4*h(z) + o(z). Let w be 42/(-8) - (-1)/4. What is the tens digit of p(w)?
1
Let h(j) = j**2 - j + 32. What is the tens digit of h(15)?
4
Let c = -21 + 28. Suppose c*n - 296 = 5*n. What is the tens digit of n?
4
Let h(l) = l**2 - 4*l - 5. Let w be h(5). Suppose w = -m + 1 + 2. Let u(o) = 2*o**3 - o**2 + 4. What is the units digit of u(m)?
9
Let o(d) = -d**3 - 14*d**2 + d + 8. Let b be o(-14). What is the tens digit of (-6)/(-3) + (-522)/b?
8
Let v = -282 - -720. Let m = v + -310. What is the hundreds digit of m?
1
Let a(o) = -o**3 + 11*o**2 - 9*o + 6. Let k be a(10). Suppose -2*j = 5*i - 28, 3*j + k = 5*i + 2*j. What is the units digit of 2 + (-1)/(i/(-148))?
9
Suppose 5*q = -0*q + 10. Suppose -p - 136 = 4*o, -124 = 2*o + 2*o - q*p. What is the units digit of (-8)/(-20) + o/(-5)?
7
Suppose v = 4*b - 1189, 5*v = 3*b + 103 - 982. What is the hundreds digit of b?
2
What is the tens digit of 6/8 - (6615/(-28) + 4)?
3
Let b be 3 - ((-4)/16*-4 - -2). Suppose b = -3*m + 302 + 4. What is the hundreds digit of m?
1
Let w(q) = -1. Let d(p) = 2 - 3 + 6*p - 2. Let i(z) = -d(z) + 2*w(z). What is the tens digit of i(-5)?
3
Suppose 6*m = 3*m - 9. What is the units digit of 20/(8 + m) - -7?
1
Let g(x) = 4*x - 45. What is the tens digit of g(32)?
8
Let z = -21 - -45. What is the units digit of z?
4
Let s(h) = h**2 - 10*h - 6. Let t be s(11). Suppose -i = -5*m + m + 66, m = -t*i + 6. Suppose m = -3*l + 109. What is the units digit of l?
1
What is the units digit of (1484/70)/((-2)/(-5))?
3
Let w = -32 - -378. What is the hundreds digit of w?
3
Let j = 18 + -13. Suppose 0 = -4*a - 4*s + 92, -5*s - j = -a + 42. Suppose 4*w - 4*v = 0, 4*w + w + 4*v = a. What is the units digit of w?
3
Suppose -c + 27 = 4*x, -4*c + c - 5*x + 109 = 0. Let a = 26 + c. What is the units digit of a?
9
Let j(g) be the second derivative of 5/2*g**2 + 4/3*g**4 - 5/6*g**3 + 8*g + 0. What is the units digit of j(2)?
9
Suppose -5*d = -3*d - 2*j - 968, -3*j - 969 = -2*d. Suppose 12*m - 2055 = -d. What is the hundreds digit of m?
1
Let f = -4 + 6. Suppose -s - f*j = 3 - 0, 0 = -3*j. Let x = 7 - s. What is the tens digit of x?
1
Suppose 4*j - 1744 = -4*q, 0*j + 5*q + 844 = 2*j. What is the units digit of j?
2
Let g be (-2)/((0 + 1)*-2). What is the tens digit of (-978)/(-15) - g/5?
6
Suppose -5*b = -s + 55 + 259, -3*s = -b - 970. Suppose -s - 28 = -4*o. What is the units digit of o?
8
Let z = -60 + -58. Let r = z + 177. What is the units digit of r?
9
Let g(s) = 152*s + 35. Let d(p) = -51*p - 12. Let o(t) = 11*d(t) + 4*g(t). What is the tens digit of o(5)?
4
Suppose 27 - 1 = 13*f. Suppose -4*p = f*l - 26, 0 = -p - 3*l + 2 + 12. What is the units digit of p?
5
Let u = 55 + -41. Suppose u*b = -7*b + 714. What is the tens digit of b?
3
Suppose 3*z = 2023 - 376. What is the units digit of z?
9
Suppose 0 = t + 1 + 11. What is the tens digit of 2/(-1)*342/t?
5
Let u(c) = c**3 - c - 1. Let r be (-8)/6*9/(-3). Let p = r - 2. What is the units digit of u(p)?
5
Let z(r) = r**3 + 7*r**2 - 8*r + 2. Let m be ((-21)/6)/(2/4). What is the units digit of z(m)?
8
Let c be (18 + -2)*(-4)/(-8). Suppose 0 = 2*d + d - 3*f - 6, -d - 4*f = c. Suppose -2*j - 13 + 59 = d. What is the tens digit of j?
2
Suppose 3389 = 6*a - 8803. What is the tens digit of a?
3
Let n = -668 + 1795. What is the thousands digit of n?
1
Suppose w = 2*x + 3, 18 = 4*w + 4*x - 6. Suppose r + 131 = w*i + 31, 0 = i + 2*r - 2